2 + (-5 - (-11 + (6 - 5)))?
-7
What is the value of 2 - (-10 + 4 - -4)?
4
Calculate 3 + (2 - 1 - 3).
1
Evaluate 5 + -12 - -13 - -2.
8
What is -1 + -1 - (8 + -5)?
-5
Evaluate -5 + -1 - (15 - 38 - -16).
1
Calculate 4 - 14 - (4 + -14 + 4).
-4
What is the value of 6 - (1 - (0 - (3 - 2)))?
4
What is -1 - -3 - (-13 + 15)?
0
What is 6 + -6 + 5 + -8?
-3
-9 - -7 - ((1 - 2) + 1)
-2
What is the value of (-2 - (-4 + 1)) + -2 + -1?
-2
Calculate 5 - 4 - (7 + -3 + 0).
-3
Evaluate -10 + 3 - (-9 - 1).
3
-23 - -27 - (-1 + 9)
-4
What is the value of -9 + 8 + -4 + 25 + -18?
2
What is the value of -3 - (0 - 5 - 0)?
2
What is the value of 4 + (7 - (18 + (-1 - 6)))?
0
2 - 0 - (-3 + 7)
-2
What is the value of (16 - 20) + (4 - 1)?
-1
What is -12 - (-8 + 2 - 10)?
4
-4 + (4 - 0) + -7 + 7
0
What is the value of (1 - 1) + 191 + -200?
-9
What is 1 + (7 - 6) + (-1 - -2)?
3
Evaluate -4 + 0 + 11 + -3.
4
Calculate -4 + 3 - -6 - 0.
5
What is -7 + (7 - (6 + -4)) + -4?
-6
-2 + (1 - (3 + (3 - 3)))
-4
What is the value of (-10 - -4) + 1 + (3 - 1)?
-3
What is the value of 3 - (5 - -1) - -8?
5
What is the value of 4 - (-2 + 3 - 4 - -7)?
0
What is the value of (6 - (0 - -5)) + 4 + -6?
-1
What is -4 - (-4 + 5 + -4 + 1)?
-2
What is the value of -1 - (-5 + 4) - 6 - 0?
-6
What is the value of 3 + 0 + (0 - 0)?
3
-5 + 6 - (-5 - -5 - 1)
2
-9 + (5 - -11) - (-1 + 11)
-3
What is -4 - -3 - (-7 + -1 + 2)?
5
Evaluate 5 + -1 + -4 + 1.
1
1 + 2 + 3 + -2 + 1
5
What is 0 + 6 + -4 + 0?
2
Calculate 1 - (-4 + (12 - 2)).
-5
What is 0 - (-1 - (3 - 6)) - -3?
1
What is 10 + -5 + (1 + 2 - 13)?
-5
-4 + -2 - 0 - -1
-5
What is 0 + -4 + 1 - 3?
-6
What is 5 + -10 + 5 - (-4 - -2)?
2
What is the value of 0 - (-9 + (-2 - (0 - 5)))?
6
What is 7 + (2 - ((5 - 4) + 5))?
3
What is the value of (-5 - (10 - 21)) + -10?
-4
What is -6 - (-6 - (-5 - -2)) - 3?
-6
Calculate -3 + 6 + (-2 + -2 - 4).
-5
3 + -2 + 0 + -5
-4
(2 - (2 - 2 - -5)) + 1
-2
Calculate (2 - -6) + (-5 - 2).
1
2 - (-3 + -2 + 3)
4
Calculate -13 - (8 - (13 + 1)).
-7
0 - (-2 + (-3 + 0 - -7))
-2
What is the value of -15 + 3 + -3 + 7?
-8
Calculate (3 - -2) + (0 + -2 - -4).
7
Evaluate 3 + 2 - (-2 - (-4 - -2)).
5
What is the value of -4 - (1 - (8 + -9)) - 0?
-6
(12 - 18 - -15) + -4
5
Calculate (-4 - 2) + (5 - -3).
2
What is 7 + -3 + (-10 - -1)?
-5
1 + -4 + 4 + (-1 - 3)
-3
What is the value of -3 + (-2 - (-4 + -2))?
1
(2 - 4) + 4 + (-15 - -17)
4
-5 + -1 + (244 - 236)
2
1 + 3 + (5 - 6)
3
What is -5 - (-6 - (-13 - (-7 + 2)))?
-7
Calculate (-8 - -6) + (-11 - -23).
10
-4 + -2 + 2 - -4
0
(0 + 2 - 8) + 5
-1
Evaluate 11 + 11 + (-22 - -6).
6
Evaluate (-9 - -1) + 19 - 19.
-8
Evaluate 0 - (11 + -18 - -7).
0
What is the value of 2 - (1 - -7) - (29 - 31)?
-4
What is 3 + 2 + 1 + -1?
5
Evaluate 0 + (-2 - (-1 + -2)) - 2.
-1
-22 + 2 - -19 - (-9 - 1)
9
What is 1 + -2 - (51 - 50)?
-2
Calculate 0 + 2 + 2 + -4.
0
Evaluate (0 + -9 - -9) + (-5 - -1).
-4
Evaluate (20 + -5 - 17) + -1 + 4.
1
Evaluate (-11 - 1 - -4) + 31 + -18.
5
Calculate -11 - -11 - (4 - 2).
-2
What is the value of (-8 - -1) + -68 + 72?
-3
Calculate (0 - 3) + (17 - (12 + -2)).
4
Calculate (-3 - -5) + 0 - 0.
2
Calculate 10 + (4 - 2) - 7.
5
What is 8 + -9 + 0 - (-1 - -2)?
-2
What is the value of -3 + (-4 - (-7 - -4)) + 7?
3
Calculate (-11 - -15) + (-5 - -5).
4
What is the value of 4 + (1 - -3) + -11?
-3
(-8 - -2 - -9) + -12 - -2
-7
9 - (0 - -8 - 9)
10
(-5 - -1) + 3 + -2
-3
Calculate 4 - -3 - (-5 + 5).
7
Evaluate -3 + 4 + (-2 - (-1 - -1)).
-1
What is (1 + -2 + 3 - 3) + 3?
2
What is (10 - 7) + -11 - -8?
0
Calculate 14 + -3 + -34 + 26.
3
Evaluate (4 - 3) + -1 + -4 + 4.
0
What is (0 - 1) + 2 - (-41 - -44)?
-2
Evaluate 3 + -12 + 3 - (-1 + -1).
-4
What is the value of (-4 + 1 + 3 - -2) + -2?
0
What is the value of 5 + -1 + -11 + 5?
-2
What is 5 + (-7 - -6) + -11?
-7
(105 - 90) + -8 + -1
6
-3 - (-3 + (3 - 3) + -2)
2
What is 3 - (3 + (3 - 5) - 4)?
6
Evaluate -2 - -4 - 3 - (-20 + 13).
6
Calculate -10 + (2 - -5) + -1.
-4
-3 + (9 - 5) + 2 + -7
-4
Evaluate 0 + 3 + (-2 - 6).
-5
-24 + 11 - -26 - 17
-4
Calculate -16 - -24 - (3 + 0).
5
(-1 - (-1 - -3)) + (23 - 24)
-4
-7 + 1 + 6 - 6
-6
Evaluate -2 + 1 + 3 + (-4 - 0).
-2
Calculate (5 - -9) + -11 - (4 + -1).
0
What is -5 - -8 - 1 - (-1 - -4)?
-1
Calculate -1 - -4 - (-13 + 5 - -6).
5
Calculate (-3 - -4) + 2 - 3 - 2.
-2
What is the value of -12 + (4 - 2) - -2 - -5?
-3
What is the value of -2 - -5 - (0 - (-17 - -8))?
-6
What is the value of (-4 - (-4 - 5)) + 2?
7
Calculate -1 - (3 + -1 + 2).
-5
What is (-6 - (4 - 8)) + 3?
1
What is the value of 2 + (-1 + 4 - 3) + 3?
5
What is 5 - (12 + -9) - (-7 + 1)?
8
What is -4 + 0 + (-11 - -1) + 13?
-1
2 + -5 + (7 - (-2 - -14))
-8
(1 - -3) + (7 - 7)
4
Evaluate 6 - -2 - (0 - -3).
5
Evaluate 1 - (-1 - (4 + -8)).
-2
What is -1 + 1 + 4 + (-39 - -34)?
-1
Evaluate -2 + 4 + -1 + (-6 - -4).
-1
What is -67 + 68 + 0 + -5?
-4
Calculate -8 + 2 + (7 - -8) + -1.
8
What is 18 + -16 + 0 + 8?
10
Calculate -3 + 5 + -3 - 1.
-2
What is the value of 15 - 23 - (-5 - -1)?
-4
Evaluate 2 + 14 + (44 - 57).
3
What is the value of -2 + (-12 - -6) + -5 + 8?
-5
What is -1 - (-10 + 24 - 7)?
-8
What is the value of 7 - (1 - 0) - (77 + -75)?
4
What is -27 + 15 + (1 - 0) + 7?
-4
37 + -39 + -2 + (4 - -1)
1
What is the value of -11 + 5 + 1 + 0?
-5
What is 0 + (1 + -5 - -6)?
2
-4 + (4 - (1 - -2)) + 0
-3
What is the value of (-2 - -5) + -9 + 8?
2
Evaluate 5 + -5 - (0 + -1).
1
Evaluate -8 - (5 - 15 - -6).
-4
Evaluate (25 - 5 - 3) + (18 - 27).
8
What is the value of 11 - (10 - ((6 - 6) + 6))?
7
What is (-7 - (0 + 0)) + 12 + -9?
-4
What is (7 - 3) + (1 + -3 - 3)?
-1
Evaluate -3 + 4 + 1 - -4.
6
Evaluate -8 + (-6 - -2) + -2 + 5.
-9
Evaluate -5 - (0 + 7 + 4 + -11).
-5
What is the value of (14 - 0) + (268 - 284)?
-2
What is (-3 - -4 - 4) + (8 - 0)?
5
Evaluate 1 - (5 - (10 + -6)).
0
What is (-8 - -10) + (-2 - 1)?
-1
Evaluate 0 + -2 + -1 - 2.
-5
What is 1 - (0 + -1) - 0?
2
Evaluate (-3 - -7) + -1 - -1.
4
What is -8 + 4 + (2 - (0 + 5))?
-7
Evaluate 5 + 0 + -1 + -3 - 2.
-1
Evaluate 8 + 5 + -4 + -4.
5
What is the value of 5 + (-8 - -3) - 4?
-4
Calculate (-5 - -5) + -1 - (1 - -3).
-5
8 + (-7 - ((-4 - 2) + 5))
2
-2 + (2 - 4 - 0)
-4
(2 - (-4 + 6)) + -1
-1
Calculate -2 + 3 - (7 + -10).
4
What is the value of -5 + 1 - (-1 - 6)?
3
What is the value of 8 + -9 + 8 + -2?
5
What is (17 + -30 - -17) + -8 + 0?
-4
What is 0 + -1 + 136 + -137?
-2
What is the value of -5 + (5 - 6) + 9?
3
What is the value of (-1 - (-7 - -2)) + 60 + -67?
-3
Evaluate 2 + (-19 - -17) + (-2 - -1).
-1
What is -3 - (-4 + (-7 - -3))?
5
Calculate -5 + (0 - 5 - (65 + -70)).
-5
Evaluate -6 - (-13 + 8 + -7).
6
Calculate (2 - (-1 + 3)) + 4 - 2.
2
Evaluate 10 + -6 - (4 + 2 + -2).
0
(-17 - (-10 - -1)) + 2 + 12
6
Calculate 1 - ((1 - (0 + 3)) + 7).
-4
(1 - 9) + -3 + 7
-4
Calculate 3 + (2 - (9 - 3)) - 6.
-7
Calculate 0 - (-7 + 3) - (-6 + 11).
-1
What is 8 + -5 - 0 - -1?
4
Evaluate 12 - 6 - (-2 - -4).
4
(-15 - (5 - 20)) + -7
-7
What is (1 - (2 - 3)) + -4 + 3?
1
What is -6 - (6 + -12 - 2)?
2
(5 - (0 + 1)) + 3 + -3
4
-4 + 2 + 3 + (-8 - -4)
-3
Calculate -5 + (1 - -1) - (-3 + -5).
5
Calculate (1 - -3) + -10 + 6 + -3.
-3
What is the value of (-143 - -151) + -5 + -1?
2
What is 3 + (-1 + -3 - (1 - -1))?
-3
Calculate 6 + 8 + (-10 - 3).
1
What is 1 - -3 - 4 - 6 - -1?
-5
Evaluate -1 + -1 - -8 - (-41 + 46).
1
Calculate (2 - 1) + (5 + -2 - 0).
4
Calculate 6 + -5 - (0 + -2 + 3).
0
Calculate (3 - 6 - 5) + 3 + 12.
7
-3 + (6 - 6) - (-2 + 4)
-5
-14 + 18 + (0 - 0)
4
Evaluate -4 + (15 - 1) + 1.
11
Evaluate -2 + -14 - (70 + -80).
-6
Calculate -6 + 1 + -6 + (-12 - -23).
0
-18 + -1 + 11 - -9
1
Calculate -2 - (-1 - (-11 + -2 + 5)).
-9
What is the value of -1 + 0 - (-38 - -35)?
2
What is -2 + -2 - (-25 + 26)?
-5
Evaluate 3 + 3 + (1 - (7 - -2)).
-2
Evaluate (1 + -3 - 0 - -3) + 1.
2
Calculate 0 + 3 - (4 - 4).
3
What is the value of (-16 - -13) + (1 - (-6 + 1))?
3
Calculate 7 + (-10 - -10) + -16.
-9
1 + (3 + -5 + 5 - 1)
3
What is 2 + -7 + (-3 - -2)?
-6
-3 + 6 + -1 + (8 - 8)
2
Evaluate 8 + -5 + -3 + 5.
5
Evaluate 6 + -2 + (1 - 9) + 8.
4
What is 18 - 1 - 6 - 7?
4
What is (4 - 8) + (0 - -9)?
5
7 + -4 - 0 - (0 - -2)
1
What is the value of 3 + -2 + -5 + -5 + 4?
-5
Evaluate (0 - 1) + 4 - 0.
3
0 + (-2 - (-10 + 5 + -1))
4
What is 0 - -3 - (7 + (-5 - 0))?
1
What is 6 - (4 - (1 + 2))?
5
-3 + 2